ommon factor of 54194 and 30674?
98
Calculate the highest common factor of 4000 and 4595200.
800
Calculate the greatest common divisor of 966036 and 17689.
361
Calculate the greatest common factor of 3651494 and 308.
154
What is the highest common divisor of 27283201 and 5203?
121
What is the highest common factor of 891 and 321849?
99
Calculate the greatest common divisor of 6505162 and 1098.
122
What is the highest common divisor of 254980915 and 140?
35
Calculate the greatest common divisor of 234586828 and 35.
7
Calculate the highest common factor of 3084450 and 150.
150
Calculate the highest common factor of 7790 and 3523540.
410
Calculate the greatest common divisor of 34624224 and 48.
48
Calculate the highest common divisor of 166 and 1386401705.
83
Calculate the highest common divisor of 3234 and 9504.
66
What is the greatest common divisor of 932 and 286036?
4
What is the greatest common divisor of 157846 and 4482266?
934
What is the greatest common factor of 70270252 and 1092?
52
Calculate the highest common divisor of 622368 and 177202.
4322
Calculate the highest common factor of 676 and 36661508.
676
Calculate the highest common factor of 37754071 and 547924.
10537
What is the highest common divisor of 2623 and 13822479?
43
Calculate the highest common factor of 510791 and 400819.
1447
Calculate the highest common factor of 371789 and 225643.
803
Calculate the highest common factor of 3807232 and 18524.
44
Calculate the highest common divisor of 120 and 612320.
40
What is the greatest common factor of 5082 and 267047?
121
Calculate the highest common factor of 5974 and 35659218.
206
What is the greatest common factor of 62636340 and 2184?
156
What is the highest common divisor of 166822 and 103304?
698
Calculate the highest common divisor of 52414608 and 621.
69
What is the highest common factor of 27 and 50366097?
27
What is the highest common divisor of 197788 and 100076?
788
What is the highest common divisor of 1356 and 160920?
12
Calculate the highest common factor of 305529030 and 486.
54
Calculate the greatest common factor of 1882467960 and 3860.
3860
Calculate the highest common divisor of 2700 and 95670.
90
What is the highest common factor of 98716728 and 264?
264
What is the greatest common divisor of 10246432 and 555056?
4912
What is the greatest common divisor of 167 and 18685797?
167
What is the greatest common divisor of 2170644 and 308?
28
What is the greatest common divisor of 530 and 41204055?
265
What is the highest common divisor of 7193845 and 1810?
905
What is the highest common factor of 29184 and 5544192?
768
What is the highest common divisor of 104489 and 24?
1
What is the highest common factor of 884807416 and 835?
167
Calculate the greatest common factor of 7670577 and 9.
3
What is the highest common factor of 30 and 26842730?
10
Calculate the greatest common factor of 42 and 129298792.
14
Calculate the highest common divisor of 15045107 and 55.
11
Calculate the greatest common divisor of 1458100 and 5320.
140
Calculate the highest common divisor of 69192426 and 24.
6
What is the highest common factor of 20 and 25853810?
10
Calculate the greatest common factor of 85071476 and 16.
4
What is the highest common divisor of 820 and 58719780?
20
What is the greatest common divisor of 251454 and 2954?
14
Calculate the highest common divisor of 9 and 1007859.
3
Calculate the greatest common divisor of 5904503 and 1628.
11
Calculate the highest common factor of 559200 and 2020000.
800
What is the highest common divisor of 16167 and 1520667?
51
What is the greatest common divisor of 11356 and 41956?
68
Calculate the greatest common factor of 38738 and 1707239.
2767
Calculate the highest common factor of 8 and 657866520.
8
Calculate the highest common divisor of 425 and 291425.
25
What is the highest common divisor of 63068065 and 10?
5
Calculate the highest common factor of 459 and 6279579.
459
What is the greatest common divisor of 2308166525 and 350?
175
What is the greatest common divisor of 93 and 114653159?
31
Calculate the highest common factor of 10619 and 10099483.
37
Calculate the greatest common factor of 35 and 14682010.
35
Calculate the highest common divisor of 41 and 152183.
1
What is the highest common divisor of 613050 and 24034?
122
What is the greatest common factor of 127464192 and 80640?
2304
What is the greatest common factor of 10088 and 2479015032?
10088
Calculate the highest common divisor of 61568 and 110656.
832
Calculate the greatest common factor of 350523 and 463913.
493
Calculate the greatest common divisor of 327 and 190273125.
327
What is the highest common factor of 28 and 61854471?
7
Calculate the greatest common divisor of 178 and 338408082.
178
What is the highest common divisor of 90 and 190424151?
9
Calculate the greatest common divisor of 268594 and 276.
46
What is the greatest common factor of 217752 and 258897?
633
Calculate the highest common factor of 40 and 707912.
8
What is the greatest common divisor of 3859907 and 101688?
4237
What is the highest common divisor of 6716 and 36896317?
73
What is the highest common divisor of 119936 and 2217879?
937
What is the greatest common divisor of 9527 and 1860487?
1361
What is the highest common divisor of 5732 and 857544458?
2866
Calculate the greatest common factor of 234697726 and 2.
2
Calculate the highest common divisor of 175 and 12421925.
25
Calculate the highest common divisor of 28513076 and 4.
4
Calculate the highest common divisor of 1515 and 4453665.
15
What is the highest common factor of 2900 and 17549950?
50
What is the greatest common factor of 13596345 and 56355?
255
What is the greatest common factor of 10602 and 32756?
38
What is the greatest common divisor of 228089832 and 57?
57
What is the greatest common factor of 77458498 and 26?
26
What is the highest common divisor of 44512 and 13114348?
5564
What is the greatest common factor of 1935766993 and 1877?
1877
Calculate the greatest common factor of 504 and 212049.
9
Calculate the greatest common factor of 6663023 and 7925.
317
Calculate the greatest common factor of 291541 and 167.
1
What is the greatest common factor of 3156510 and 2170?
70
What is the greatest common factor of 1321919690 and 338?
338
What is the greatest common divisor of 15048 and 101707?
19
What is the highest common factor of 510 and 105958875?
255
What is the highest common factor of 9936 and 4347621?
621
What is the greatest common divisor of 899754 and 5568?
174
What is the highest common factor of 391395616 and 472?
472
What is the highest common divisor of 862902 and 1152?
18
What is the highest common divisor of 28050 and 47388?
66
Calculate the greatest common divisor of 5533392 and 192.
48
Calculate the greatest common factor of 52332 and 35570808.
7476
What is the greatest common divisor of 10920 and 24457160?
3640
What is the greatest common factor of 2028 and 103000092?
2028
What is the highest common divisor of 167000916 and 1416?
708
What is the greatest common divisor of 33274 and 9852772?
262
Calculate the highest common divisor of 3072 and 264407424.
384
Calculate the greatest common factor of 252251 and 1424533.
193
Calculate the highest common factor of 123440790 and 275.
55
Calculate the highest common factor of 172260 and 2034930.
870
What is the greatest common divisor of 762 and 131975098?
254
Calculate the highest common factor of 150130960 and 560.
560
What is the highest common factor of 7105 and 162631?
49
What is the highest common divisor of 2126777 and 21968?
1373
What is the highest common divisor of 491184 and 26530?
758
Calculate the greatest common factor of 1173 and 41087062.
391
What is the highest common divisor of 560 and 317188760?
280
Calculate the highest common divisor of 3777 and 117843659.
1259
Calculate the highest common factor of 218136 and 327936.
1464
Calculate the highest common divisor of 4288 and 16051592.
536
Calculate the greatest common divisor of 805692 and 24.
12
Calculate the greatest common factor of 3771 and 87670722.
1257
What is the greatest common divisor of 37862 and 8976?
22
Calculate the greatest common divisor of 1104804 and 1251.
9
What is the highest common factor of 36505258 and 174?
58
Calculate the highest comm